lse
Is 9318858421 composite?
False
Is 1874312501 prime?
True
Is 871345789 a composite number?
True
Is 16343156789 prime?
False
Is 2462243071 a prime number?
True
Is 874122481 a composite number?
True
Is 21036569773 composite?
False
Is 6442353101 a prime number?
False
Is 24752485369 composite?
False
Is 4365605327 prime?
True
Is 4622417149 a composite number?
True
Is 81163387 a prime number?
True
Is 17097023123 composite?
False
Is 11308296719 composite?
False
Is 36996684007 prime?
True
Is 1837145463 prime?
False
Is 14820117157 a prime number?
True
Is 7634955739 prime?
True
Is 157793869587 prime?
False
Is 799738067 a composite number?
True
Is 9722736167 a prime number?
True
Is 29487777743 a prime number?
False
Is 19026878667 prime?
False
Is 50508793229 a composite number?
False
Is 28347713374 prime?
False
Is 1997726197 prime?
False
Is 417915257 a composite number?
False
Is 148872583711 prime?
True
Is 5529572833 a composite number?
True
Is 268788329 composite?
True
Is 600825103 a prime number?
False
Is 219798923 composite?
False
Is 38059506437 a prime number?
True
Is 343975139 a prime number?
False
Is 137801571823 a prime number?
True
Is 4721549809 a prime number?
True
Is 5992333687 a prime number?
True
Is 1033941257 composite?
False
Is 12522140039 a composite number?
True
Is 17025766273 prime?
True
Is 14061249623 composite?
False
Is 1668128093 a prime number?
True
Is 5243135411 composite?
False
Is 50042613221 a composite number?
False
Is 1411597331 a prime number?
False
Is 948269287 a prime number?
False
Is 2978493017 a prime number?
False
Is 64848781121 composite?
False
Is 4122013349 composite?
True
Is 29633065927 a composite number?
False
Is 1010073709 composite?
True
Is 93684959531 a composite number?
False
Is 19436714267 prime?
False
Is 443409269 prime?
True
Is 14098684147 a prime number?
False
Is 88830581699 a prime number?
True
Is 17632574059 a prime number?
True
Is 131246116249 a composite number?
False
Is 3809712503 a composite number?
True
Is 78253223 a composite number?
True
Is 2921191441 prime?
False
Is 13026354917 a composite number?
False
Is 3752624279 a composite number?
True
Is 106272349805 a composite number?
True
Is 12032779 a prime number?
False
Is 2005682971 prime?
False
Is 2309152801 a composite number?
True
Is 178136087 a prime number?
True
Is 582833747 a prime number?
True
Is 100839656741 a prime number?
True
Is 7078254539 a composite number?
True
Is 6213603761 prime?
False
Is 295774981 a prime number?
False
Is 1135257247 prime?
True
Is 4279633171 a composite number?
True
Is 4047880961 prime?
False
Is 53798992565 a composite number?
True
Is 412482277 composite?
False
Is 1751831923 prime?
True
Is 111756919 a prime number?
True
Is 3162826873 a composite number?
True
Is 25443616171 a composite number?
False
Is 6708584633 a composite number?
False
Is 100031093791 prime?
True
Is 1645106537 composite?
False
Is 143730161 prime?
False
Is 194672291631 a composite number?
True
Is 112084891 a composite number?
False
Is 9901606033 a prime number?
False
Is 977712187 a composite number?
True
Is 15219342301 composite?
False
Is 211136780429 a composite number?
False
Is 6028902265 prime?
False
Is 15537687377 composite?
True
Is 1150459301 a composite number?
True
Is 11096916491 a composite number?
False
Is 1121272589 a prime number?
True
Is 2597486611 composite?
False
Is 354114587 a composite number?
False
Is 11607491039 prime?
False
Is 10428853387 prime?
False
Is 92867475847 a composite number?
False
Is 21192070381 a composite number?
False
Is 2358972026 prime?
False
Is 23681973569 a prime number?
True
Is 3652603891 prime?
False
Is 98568482603 a prime number?
True
Is 1782576681 a prime number?
False
Is 2350894431 composite?
True
Is 203305217 composite?
True
Is 42517461487 prime?
True
Is 283440217 a prime number?
False
Is 1883394407 composite?
False
Is 1454280613 composite?
False
Is 21565354919 a composite number?
False
Is 40567938193 composite?
False
Is 15130952779 prime?
True
Is 1463797523 a composite number?
False
Is 1972467547 a composite number?
True
Is 1825114517 a prime number?
False
Is 34053554273 a composite number?
True
Is 8805854471 prime?
False
Is 190892042471 composite?
True
Is 1275373661 a prime number?
True
Is 635119811 a prime number?
True
Is 3290848541 prime?
False
Is 392678711 prime?
True
Is 7737478811 a prime number?
False
Is 95325911 a composite number?
False
Is 2213499819 composite?
True
Is 1116899771 prime?
False
Is 22306702063 composite?
True
Is 16720379719 a prime number?
False
Is 28346735353 prime?
True
Is 1831763651 a prime number?
False
Is 2304729853 composite?
False
Is 76922719 prime?
False
Is 205696987 composite?
True
Is 11119101229 composite?
False
Is 1740788351 prime?
False
Is 5494633033 prime?
False
Is 42709687 prime?
False
Is 3328782319 prime?
False
Is 272953519 prime?
True
Is 1748758847 a prime number?
False
Is 994215701 a composite number?
False
Is 1676218477 a prime number?
False
Is 1381599839 prime?
False
Is 25007121962 a composite number?
True
Is 8094042965 prime?
False
Is 2383592191 a prime number?
False
Is 2350644911 composite?
False
Is 27080791 a prime number?
True
Is 14619195263 a prime number?
False
Is 825467081 composite?
False
Is 1368035771 prime?
True
Is 4459725947 a composite number?
False
Is 36867008481 a prime number?
False
Is 5554291543 a composite number?
False
Is 1647263837 prime?
False
Is 188155820653 prime?
True
Is 1204190927 composite?
False
Is 55324073143 composite?
True
Is 198157193 prime?
False
Is 129067129091 a composite number?
False
Is 1081785431 a prime number?
False
Is 9723292609 prime?
False
Is 73596108167 a prime number?
False
Is 929709103 a composite number?
False
Is 14899507681 prime?
True
Is 172280196641 prime?
False
Is 72230922541 prime?
True
Is 100663176851 prime?
True
Is 477601297 prime?
True
Is 3971319647 a prime number?
False
Is 30040099553 a composite number?
True
Is 515154553 a composite number?
True
Is 3197015681 prime?
True
Is 38285810473 a prime number?
False
Is 1311292363 a composite number?
False
Is 2155820021 prime?
False
Is 169275611 composite?
False
Is 5304890861 composite?
False
Is 28284572969 composite?
True
Is 9527129993 prime?
True
Is 372798137 a composite number?
True
Is 14664082541 a prime number?
True
Is 13232754313 prime?
False
Is 696379129 composite?
True
Is 371159339 prime?
False
Is 2023005587 composite?
False
Is 40780008863 a prime number?
False
Is 258827383 a prime number?
False
Is 119937586 a composite number?
True
Is 3661136257 prime?
True
Is 5335673897 composite?
False
Is 870527141 a composite number?
True
Is 10037096995 a prime number?
False
Is 12931530779 a prime number?
False
Is 1401728849 a prime number?
True
Is 8385750629 a prime number?
True
Is 11492866093 composite?
True
Is 447484651 a composite number?
False
Is 26576764603 prime?
False
Is 15902911667 composite?
True
Is 40916972797 prime?
False
Is 104379044683 a prime number?
False
Is 573517417 composite?
True
Is 162459779 a prime number?
True
Is 3512566253 a composite number?
True
Is 292265503 a composite number?
False
Is 1496938763 a prime number?
False
Is 457836191 composite?
True
Is 18970819199 a composite number?
False
Is 7380589079 a composite number?
False
Is 618603179 prime?
True
Is 5733066659 a prime number?
False
Is 1567239334 a prime number?
False
Is 9868452157 a prime number?
True
Is 156206783 composite?
False
Is 1280571659 a composite number?
False
Is 91114687 composite?
True
Is 4129993657 a composite number?
True
Is 1705968263 prime?
False
Is 6692228117 a composite number?
True
Is 277908137 prime?
False
Is 488366477 prime?
False
Is 93578257 prime?
True
Is 621853403 a composite number?
True
Is 45138324755 composite?
True
Is 1089808389689 a composite number?
False
Is 1619408099 a prime number?
True
Is 165722119 prime?
False
Is 3528126229 prime?
False
Is 1566966991 prime?
True
Is 542288669 a prime number?
False
Is 36445306727 a composite number?
False
Is 5884180817 prime?
True
Is 514833029 composite?
True
Is 644106266 a prime number?
False
Is 746509679 a composite number?
False
Is 1601971653 prime?
False
Is 1237758469 composite?
True
Is 3459849697 prime?
False
Is 162723072839 prime?
True
Is 1481030255 a composite number?
True
Is 7110926681 prime?
False
Is 1296909293 a compo